-i**3 + i**2 + i + 6. Let j be m(p). Calculate the highest common factor of 6 and j.
6
Let i = -1 - -1. Suppose -10 = -3*v - g, 2*v + 5*g - 5 - 6 = i. Calculate the highest common factor of 15 and v.
3
Let w(v) = v**3 + 10*v**2 - 4*v + 13. Let h be w(-10). Suppose l - 4*l = -45. Let d = l + h. Calculate the greatest common factor of d and 17.
17
Let l(d) = d + 29. Let b be l(-22). Calculate the highest common divisor of 133 and b.
7
Suppose -3*p + 3*s - 15 = 0, -5*p + 4*s - s - 15 = 0. Let g be p - 1/(2/(-12)). Calculate the greatest common factor of g and 66.
6
Suppose -3*b = -3 + 9. Let v = b - -4. Suppose -o = -5*d + 10, -17 + 4 = -v*o - d. Calculate the greatest common divisor of 20 and o.
5
Suppose -q = -d + 3*q + 17, -3*d + 5*q + 30 = 0. Suppose -5*x + 2*f + 27 + 25 = 0, -2*x = d*f - 44. Calculate the highest common factor of x and 18.
6
Let u be ((-6)/(-5))/(-3)*-90. Calculate the greatest common factor of 54 and u.
18
Suppose -7*q - 85 = -8*q. Let u(y) = y**3 + 2*y**2 - 3*y - 2. Let a be u(3). What is the highest common divisor of a and q?
17
Let v(n) = 7*n**3 + 3*n**2 + 4*n + 2. Let q be v(-2). Let w = -35 - q. Calculate the highest common factor of 30 and w.
15
Let a(z) = -z**2 + 13*z - 11. Let c be a(9). What is the highest common divisor of c and 100?
25
Suppose 51 + 73 = 4*j. What is the greatest common factor of 31 and j?
31
Let x be ((-2)/4)/((4 - 8)/240). What is the greatest common factor of x and 10?
10
Suppose -2 = -2*d - 4. Let m = d - -1. Suppose 3*b + 19 = 2*y, 4*y - 7*b + 2*b - 33 = m. What is the greatest common divisor of y and 6?
2
Suppose -24 = -4*a + 16. Calculate the greatest common divisor of 10 and a.
10
Let y be (26 + -104)*2/(-6). Calculate the greatest common factor of y and 65.
13
Let x(w) = w - 11. Let z be x(9). Let o be (-20 - (3 + z))*-1. Calculate the highest common divisor of o and 42.
21
Let t(b) = b**3 + 8*b**2 + b + 10. Let k be t(-8). Suppose 2*m - 30 = -k*f - 0*f, f + 5*m - 27 = 0. Calculate the highest common divisor of f and 84.
12
Let s be (-3)/(-6)*(33 - 7). Calculate the highest common divisor of s and 13.
13
Let q = 7 + 1. Let f(d) = -d**3 + 10*d**2 - 6*d - 7. Let a be f(5). Calculate the highest common divisor of a and q.
8
Let i be 10*(110/(-4) + -3). Let y = -195 - i. Suppose -3*f = 3*q - 48, 0 = -4*f + 5*q + 4 + 15. Calculate the greatest common factor of y and f.
11
Let p(l) be the first derivative of 5*l**3/3 - 2*l**2 - 3*l - 2. Let y be p(-3). Let c = y - 30. What is the greatest common divisor of c and 36?
12
Let g = 12 + -9. Suppose 0*f + f + g = n, n = 5*f + 7. Suppose 0 = 7*o - 3*o, -4 = -h + n*o. What is the highest common divisor of 4 and h?
4
Suppose 2*j + 2*j - 8 = 0. Let a be 1/j - 54/(-4). Suppose -2*g + 462 = g. Calculate the greatest common factor of a and g.
14
Suppose 836 = -4*q + 2420. Calculate the highest common factor of 44 and q.
44
Let v(z) = 14*z**2 - z + 1. Let i be v(1). Let p = i + -8. Suppose 108 = 4*h - 2*j + p*j, 57 = 3*h - 5*j. Calculate the highest common factor of h and 60.
12
Suppose 4*r - 7*y + 2*y = 80, 4*r = -y + 80. Suppose -2*j - 2*j - 2*n = -404, 4*j - 410 = -5*n. Calculate the highest common factor of j and r.
20
Let m = -5 + 2. Let n be 3 - 0*m/6. Let a = n - -2. Calculate the highest common factor of 35 and a.
5
Suppose 5*a - 2*m = m + 25, -2*a = -5*m - 10. Let z = 8 - a. Suppose 4 = v + z*v. What is the highest common divisor of 8 and v?
1
Let l(b) = 2*b**2 - 2*b + 1. Let s be l(2). Let i be 1/(-5) - (-11)/s. Suppose -i*d = d - 42. Calculate the highest common factor of 21 and d.
7
Let p be (-4)/(-18) - 426/(-27). Suppose j + p = -3*b - 0*b, -b + 3*j = 12. Let y = b - -14. What is the greatest common factor of 56 and y?
8
Let m(r) = -r**3 - 5*r**2 + 4*r - 7. Let i be m(-6). Let j(a) = 16*a. Let c be j(i). Suppose -48 = -4*u + c. Calculate the greatest common divisor of u and 8.
8
Suppose 17*l - 13*l = 224. What is the greatest common divisor of 14 and l?
14
Suppose u = 2*a + 100, -3*u = u + 5*a - 465. Calculate the highest common divisor of u and 22.
22
Let w = 17 - 3. Calculate the greatest common factor of w and 126.
14
Let x(l) be the second derivative of l**5/20 + l**4/12 - l**3/6 + 4*l**2 - 2*l. Let p be x(0). Let n = p - -5. Calculate the greatest common factor of 65 and n.
13
Let z be ((-5)/(-3) + (-8 - -6))*-69. What is the greatest common divisor of 253 and z?
23
Let w be (18/10)/((-1)/(-10)). What is the highest common factor of w and 72?
18
Suppose 0 = 2*q - 0*q - 4. Let p be 1/q - 1528/(-16). Calculate the highest common factor of 12 and p.
12
Suppose 37 + 2 = 3*z. Suppose -4*b + z = -r, 8*b - 3*b - 20 = 0. Suppose r*x + 3*h = 159, 71 = 3*x - 2*x - 5*h. What is the highest common divisor of 14 and x?
14
Let j(r) = -2*r - 2. Let s(k) = 6*k + 6. Let a(l) = 11*j(l) + 4*s(l). Let y be a(6). Calculate the highest common divisor of y and 14.
14
Suppose -3*z + n = 4, -2*z - 30 = 3*z + 3*n. Let v = 12 + z. Let f = v - 4. Calculate the greatest common factor of f and 15.
5
Suppose -w = -6 - 5. Let d be (22/5)/(1/10). What is the greatest common divisor of d and w?
11
Let k be 1 + (-39)/(2 - 3). Suppose 2*t - 6*t + k = 0. Suppose -5*m = 22 - 72. Calculate the highest common factor of t and m.
10
Let a(s) = -3*s + 4. Let l be a(-4). Let m = 169 + -137. What is the greatest common factor of l and m?
16
Let p(u) = -u**2 - u - 26. Let d be p(0). Let w = d - -29. What is the highest common factor of w and 12?
3
Suppose 46 = 5*s + t, -27 = -3*s - t - 1. Suppose 0 = 2*j - o - 48, -5*o + 3*o - 21 = -j. What is the greatest common factor of s and j?
5
Let s(n) = -3*n**3 - 4*n**2 - n - 3. Let f be s(-3). Let d(m) = -m + 9. Suppose -4*q + 3*q = -4. Let r be d(q). What is the greatest common divisor of f and r?
5
Let t = -379 - -212. Let n be 10/(-55) + t/(-11). Let a be (-5)/2*(-54)/n. What is the highest common factor of 72 and a?
9
Let t(y) = 3*y - 3. Let j be t(6). Calculate the greatest common divisor of 120 and j.
15
Suppose -17*x = -16*x - 20. Calculate the highest common divisor of 20 and x.
20
Let l(o) = 9*o**2 + 2*o + 1. Let y be l(-1). Let z = -6 - -8. What is the highest common factor of z and y?
2
Let o = 0 - -12. Suppose 0 = -4*a + o, 81 = 6*i - 3*i + 5*a. Let z = -4 + 6. Calculate the highest common divisor of i and z.
2
Suppose -4 + 8 = b. Suppose 4*z = -n + 18, -n = n - b*z. What is the highest common divisor of 2 and n?
2
Let r = -252 - -372. Calculate the highest common factor of r and 15.
15
Let z be 32 + -1 - (1 - -2). Suppose 4*k = -4 + z. Calculate the greatest common divisor of 15 and k.
3
Suppose -5*x + 494 = -x - 2*m, 2*x - 4*m = 250. Let a = x + -50. Suppose s - 1 = -3*r, 0 = 5*s + 3*r + 20 - a. What is the greatest common factor of s and 65?
13
Let p(c) be the third derivative of -c**4/4 - c**3/3 + 8*c**2. Let y be p(-4). Calculate the highest common divisor of 2 and y.
2
Let d be ((-315)/18)/((-2)/4). What is the highest common factor of 14 and d?
7
Let o = 135 - 108. What is the greatest common divisor of o and 81?
27
Let h(u) = -7*u**2 + 6*u - 7. Let q(r) = 20*r**2 - 17*r + 20. Let f(o) = 17*h(o) + 6*q(o). Let s be f(1). Calculate the highest common factor of 10 and s.
2
Suppose 85 = 4*b - 27. Let v = 11 + b. Let r(x) = x**3 + 16*x**2 - x - 3. Let l be r(-16). Calculate the greatest common factor of v and l.
13
Suppose -2*s - 60 = -3*s. What is the highest common factor of s and 24?
12
Suppose -12*t + 3870 = -2*t. Calculate the highest common factor of t and 43.
43
Let n(w) = -2*w**3 - 11*w**2 - 9*w + 10. Let b be n(-6). Calculate the greatest common factor of 75 and b.
25
Let c(d) = -d**3 - 9*d**2 - 8*d. Let s be c(-8). Let x(w) = 0*w - 3*w + 2*w + 21. Let p be x(s). Calculate the greatest common factor of p and 3.
3
Suppose 4*s + 180 = -2*r + 770, -3*r = -2*s - 909. Calculate the greatest common factor of r and 43.
43
Let f(r) = 10*r**2 + r - 1. Let n be f(1). Calculate the greatest common factor of 2 and n.
2
Let j be (-1 + (-8 - 1))*3/(-3). Let b be 1 + 4/(-2) - 9. Let h be 4/b - 104/(-10). What is the highest common factor of h and j?
10
Let p = 45 - 25. Suppose 4*v = -3*b + 5*b - 8, 4*v = 5*b - p. What is the highest common divisor of b and 6?
2
Let f(g) = g**3 + 6*g**2 + g + 8. Let q be f(-6). Suppose 4*v - 2*v =